 of b?
1
Let t(r) = 107*r**2 + 2*r - 4. Suppose 8*x - 4 = 4*x. What is the hundreds digit of t(x)?
1
Suppose -23*b = -9*b - 32242. What is the units digit of b?
3
Let x(v) = 2*v**3 + 5*v**2 - 9. Let w(y) = 3*y**3 + 9*y**2 - 17. Let b(q) = 3*w(q) - 5*x(q). What is the tens digit of b(-4)?
9
Suppose 0 = 5*l + 5*x, 2*x = 4*l + x. Suppose -2*y - y + 324 = l. Suppose 2*t - 5*t = 3*w - y, w = t + 42. What is the units digit of w?
9
What is the tens digit of ((-3)/(-4))/(20 + (-548701)/27436)?
8
Suppose -1 - 1 = -o. Suppose 19 + 37 = o*r. Let n = r - 13. What is the tens digit of n?
1
Let u(q) be the third derivative of q**4/8 - q**3 + 4*q**2. Let g be u(12). What is the units digit of (2/(-3))/((-1)/g)?
0
Let c = 550 - 436. What is the hundreds digit of c?
1
Let g be ((-27)/18)/(2 + 101/(-50)). Let j = g - 3. What is the units digit of j?
2
Let i be (-15)/10 + (3/(-2) - -1). Let o(q) = 17*q**2 - 2*q - 1. What is the units digit of o(i)?
1
Let a(g) = -g**2 + 6*g + 10. Let o be a(7). Let k be (o + -3)/(8/4). Suppose -i + 0*i + 1 = k. What is the units digit of i?
1
Let h(z) = 470*z**2 - z + 3. What is the units digit of h(2)?
1
Let t = 420 + -224. What is the units digit of t?
6
Let n(l) = l**2 + 10*l + 13. Let j be n(-9). Suppose 4*v = v + 108. What is the tens digit of (-2 - v/j)/(-1)?
1
Suppose -5*y - 35 = -0*q + 2*q, -5*y = 4*q + 25. Let g(f) = f**3 + 10*f**2 - 10*f - 4. What is the hundreds digit of g(y)?
1
Let a(d) = -23*d**3 - 4*d**2 - 6*d - 7. What is the hundreds digit of a(-4)?
4
Let x = -6 - -35. Let j = x + 0. Let z = -18 + j. What is the tens digit of z?
1
Let y = 7 + -8. Let d(c) = -152*c**3 - 2*c**2 - 2*c - 1. What is the hundreds digit of d(y)?
1
Suppose 5*t + 0*t = 9*t. Let x(y) = -y**3 - 2*y**2 - y + 199. What is the hundreds digit of x(t)?
1
Suppose 3*x = -2*r + 4439, -3*r + 1372 = x - 5269. What is the tens digit of r?
1
Let k(s) = 6*s - 14. Let z be k(3). What is the units digit of 7405/30 + z/24?
7
Suppose -5033 = -2835*s + 2834*s. What is the hundreds digit of s?
0
What is the units digit of ((-30780)/63)/((-6)/28)?
0
Let m(l) = 71*l**2 - 9*l + 13. What is the units digit of m(4)?
3
Let d(f) = -f**2 + 2*f + 7. Let z be d(4). What is the units digit of (12/(-16) + z)/((-1)/36)?
3
Let g = -116 - -134. What is the units digit of g?
8
Let i(u) = -u - 5. Let y be i(-7). Suppose y*p - 6 = p. Let a = p - -19. What is the tens digit of a?
2
Suppose 3 - 355 = -2*h - 2*g, 530 = 3*h + 4*g. What is the tens digit of h?
7
What is the hundreds digit of 63441/45 + 2/10*1?
4
Suppose -14 = -54*i + 47*i. What is the tens digit of 3/(-2) + i/4 - -84?
8
Let h = -272 - -1304. What is the thousands digit of h?
1
Suppose 2*t + 2*z = 1488, -2*t - 7*z + 1473 = -10*z. What is the tens digit of t?
4
Let s(w) = -w**2 + 14*w - 10. Let f be s(13). Suppose -5*u - 51 = -f*t, 0*t + 5*u = -3*t + 51. What is the units digit of t?
7
Let n = 59 - -793. What is the tens digit of n?
5
What is the tens digit of (-2)/(-20) - (-406269)/410?
9
What is the tens digit of (-57664)/(-1856) - (-4)/(-58)?
3
Suppose 0 = 3*h - 0*h + 4*o + 14, h - 2 = 2*o. Let b be (3/(-5))/(h/10). Suppose -k = -b, -4*i + 66 = -k - 7. What is the tens digit of i?
1
Let p(x) = -645*x + 43. What is the units digit of p(-2)?
3
Suppose -16 = -4*f + 4. Suppose -2*y = f*j, 0 = 3*j - 6*j - 5*y - 19. Suppose -5*d = 2*c + 7, -j*c + d = -0*c - 11. What is the units digit of c?
4
Let r be (-4 + 1)/((-12)/(-8)). Let d be (-79)/(-4) - r/8. What is the tens digit of (-3)/(1 - d/17)?
1
Let m(h) = -2*h. Let b = -42 + 21. Let l = 13 + b. What is the tens digit of m(l)?
1
Suppose 2*c + 354 = -r - 0*r, 876 = -5*c + 2*r. Let g = c + 283. What is the tens digit of g?
0
Let y = -361 + 645. Let w = 485 - y. What is the tens digit of w?
0
Suppose -364*s = -374*s + 6220. What is the tens digit of s?
2
Let c(x) = 6*x**2 + 3*x - 2. Let z be c(2). Suppose -4 = -4*s - z. Let p = s - -8. What is the units digit of p?
2
Suppose 78*d - 83*d - 5 = 0. What is the units digit of d/5 - (36/(-5) + -4)?
1
Suppose -47*v + 18175 = -23890. What is the tens digit of v?
9
What is the thousands digit of (5866/42)/((-2)/(-36))?
2
Let b = -49 + 277. Suppose -b*f = -225*f - 795. What is the units digit of f?
5
What is the hundreds digit of 354 + (-4 - (7 + -5))?
3
Suppose 0 = -5*v + 2*d - 16 + 1, v - 5 = 2*d. What is the units digit of (-2)/v*5 - -57?
9
Let w(c) be the third derivative of 3/8*c**4 + 0*c + 0 + 0*c**3 + 8*c**2. What is the units digit of w(1)?
9
Suppose 3*u - 21 = 15. Suppose 5*m - w = 48, -3*m + m + 4*w + u = 0. Suppose -3 + m = -n - 5*b, 0 = 3*n - b - 43. What is the units digit of n?
3
Suppose 2*o - 153 = 3*y, o - 79 = -0*o + 4*y. Let k = o + -20. What is the units digit of k?
5
Suppose 0 = 15*p - 16*p - 5*y + 1834, -3*y = -9. What is the hundreds digit of p?
8
Let h(v) = -6*v**3 - 5*v**2 - 20*v - 113. What is the thousands digit of h(-9)?
4
Let t(k) = -13*k + 26. Suppose -2*v + 1 = 29. Let a be t(v). Suppose a = 3*b + b. What is the units digit of b?
2
Let z(h) = -23*h + 2. Let p(v) = 23*v - 2. Let t(q) = 2*p(q) + 3*z(q). What is the units digit of t(-2)?
8
Let x = 173 + -57. Suppose -11*u - x = -12*u. What is the units digit of u?
6
What is the tens digit of 16394/105 - (-2)/(-15)?
5
Let x = -1717 + 2863. Suppose 0 = 10*z - x - 94. What is the units digit of z?
4
Suppose 3*z + 12 = -z. Let f = z - -13. Suppose -f = -b + 4. What is the tens digit of b?
1
Suppose 0 = -2*g + 13 + 13. Let n(b) = b**3 - 14*b**2 + 14*b + 30. What is the units digit of n(g)?
3
Let w(f) = -8*f**2 + 4*f - 3. Let r be w(2). Let b be 1/(-1 - r/24). Suppose b*n = 4*n + 120. What is the tens digit of n?
3
Suppose 15*y - 16*y + 4 = 0, -5*m = -y - 12966. What is the units digit of m?
4
Suppose 14 = 4*s - 2. Suppose -n - s = -0*n. What is the units digit of 2*((-6)/n)/3?
1
Suppose 4*t + 5*s - 443 = 0, -2*t + 7*t = -4*s + 556. What is the units digit of t?
2
Let k = -17 + 12. Let t = k + 11. What is the tens digit of ((-8)/10)/(t/(-105))?
1
Let g(v) = -v**2 - 23*v - 15. Let x(a) = -2*a**2 - 4. Let s be x(-2). What is the tens digit of g(s)?
1
Let g(v) = v**2 + 22*v + 36. Let d be g(-25). Let r be 1400/(-18) - (-4)/(-18). Let c = d + r. What is the tens digit of c?
3
Let x = 4325 - 967. What is the hundreds digit of x?
3
Let v be 74/4 - (-6)/4*1. Suppose -x = -16 - v. What is the units digit of x?
6
Let o(t) = 773*t - 5. Let r be o(1). Suppose 4*a - a = r. What is the hundreds digit of a?
2
Let q(h) = 18*h**2 + 10*h - 22. What is the units digit of q(-9)?
6
Let w(v) = v**3 - 10*v**2 + 11*v + 14. Suppose 4*z - z = 3*d + 33, 5*d = z - 19. What is the units digit of w(z)?
2
Suppose 4*q + 3306 = 7*q. Let x be q/(-57)*6/(-4). Suppose 0 = w + 4*t - 8 - x, -2*t = -3*w + 111. What is the units digit of w?
7
Suppose -5*n - 3 = -8. What is the hundreds digit of n/2*(-3256)/(-11)?
1
Let z = -231 - -365. Suppose -h + 46 = -z. What is the units digit of h?
0
Suppose -5 = 4*p + l - 22, -3*p + 2*l - 1 = 0. Suppose -p*d = -x - 7*d + 138, -x = -4*d - 122. What is the units digit of x?
0
Let v = 1529 - 451. Suppose 0*l - v = -11*l. What is the tens digit of l?
9
Let w be (-1)/(1/2) + 4. Suppose x - b - 170 = 0, -x + w*b = -0*b - 168. What is the units digit of x?
2
Let t(b) = -b**3 + b**2 - b + 84. Let l be t(0). Suppose -2*g - 2*g + l = 0. What is the tens digit of g?
2
What is the tens digit of (-6286)/(-14) - (-3 + 6)?
4
Suppose 0 = 5*z + 4*r - 1183, 2*z - 4*r = -0*z + 490. What is the hundreds digit of z?
2
Let b = -18 + 18. Suppose 5*z - 7*z + 106 = b. What is the units digit of z?
3
What is the hundreds digit of (-12790)/(-40) - (-1)/4?
3
Let b(v) = -v**3 - 12*v**2 - 10*v + 8. Let k be b(-11). Let o be k/(6/(-10))*1. What is the tens digit of ((-243)/45)/((-1)/o)?
2
What is the thousands digit of 11 - 19 - (1 - 2838)?
2
Suppose 3*v + 9 = -3*s, 3*v + 2*v = -s - 23. Let l(o) = -2*o**2 + s*o**3 + 5*o**3 + 1 + 6*o**3. What is the tens digit of l(1)?
1
Let x(v) = -v**3 + v**2 + v - 2. Let g be x(1). Let j(z) = -111*z - 3. What is the hundreds digit of j(g)?
1
Let f(d) = -95*d + 9. What is the units digit of f(-4)?
9
Let h be 219/9 - (-8)/12. Suppose 5*j + 33 = -4*d, j + 2*j = -5*d - h. What is the tens digit of (88/(-12))/(d/3)?
1
Suppose 4*r + 2078 = 3*p, -r = -5*r - 